ppose -3*b - 9 = -4*b. Let j(r) = 10*r**2 - 1 - b*r**2 - 3. What are the prime factors of j(-4)?
2, 3
Let l(k) be the first derivative of k**4/4 - k**3 - k**2 + 6*k - 2. Let t be l(4). Suppose -5*z - 3 = r - 11, -5*r - t = -2*z. What are the prime factors of z?
2
Let n(m) = m**2 + 5*m + 5. Let u be n(-4). List the prime factors of (0 - u - -3) + 4.
2, 3
Let w(v) = 3*v + 12. Let u be (-2)/(-8) - 162/(-24). List the prime factors of w(u).
3, 11
Suppose -2*p + 620 = 2*p. List the prime factors of p.
5, 31
Suppose -2*x - 2*x - 16 = 0, -3*v = -5*x - 29. Suppose -v*z = -z + 6. List the prime factors of (-1)/((-1)/(2 - z)).
5
Suppose 4*f - 2 = 14. Suppose 2*u - 9 = -u, v = f*u + 4. List the prime factors of v.
2
Let p be 1/3*3 + -5. Let q(c) = c**2 + 4*c + 1. Let w be q(p). Let f(l) = 11*l**2 + l. List the prime factors of f(w).
2, 3
Suppose 7*d = -2*d + 1080. List the prime factors of d.
2, 3, 5
Suppose -3*d = 2*d - 15. What are the prime factors of d?
3
Let w = -7 - -13. Suppose w*v - v - 55 = 0. Suppose -v = -b - 2. List the prime factors of b.
3
Suppose b + b = 6. Let w(y) = y**2 + 4*y + 1. List the prime factors of w(b).
2, 11
Let a = 31 - 14. Suppose a = 5*c - 103. List the prime factors of c.
2, 3
Let j be (-1)/(-1 - 6/(-9)). Let b(p) = -p**2 + 6*p + 2. Let g be b(6). Let r = g + j. List the prime factors of r.
5
Suppose 6*z = z + 190. Suppose 3*p - z = 16. List the prime factors of p.
2, 3
Let m = -122 - -72. Let u be (-2 - m) + (-1 - 1). Suppose -4*z + u = 2*k, -3*z - 17 = -5*z + 5*k. List the prime factors of z.
11
Suppose 4*v - 4*k + 5*k = 19, -v = -4*k + 8. Suppose v*d = -12 + 132. Suppose 2*a - 1 = 5*n, -5*a + d = 5*n - 25. What are the prime factors of a?
2
Suppose -126 = -2*w + 248. What are the prime factors of w?
11, 17
Let r(q) = 7*q + 1. What are the prime factors of r(2)?
3, 5
Let f be ((-80)/(-3))/((-5)/(-15)). What are the prime factors of f/12*(-12)/(-5)?
2
Suppose 5*f + 4*p - 68 = 0, -f = 4*f + 5*p - 65. List the prime factors of f.
2
Let o = -8 - -17. Suppose -o = -3*i + 51. List the prime factors of i.
2, 5
Let h = 119 + -82. Suppose 0 = -0*v + 3*v + 4*o - h, 0 = 2*v - 3*o - 53. Suppose -1 - v = 4*x, x = t - 13. List the prime factors of t.
2
Let y(p) = p**3 - 3*p**2 + p + 2. Let k be y(3). Suppose -9*s = -k*s - 112. What are the prime factors of s?
2, 7
Let k = 0 - -4. Let b be 2/k + 5/2. Suppose -8*n + b*n + 40 = 0. List the prime factors of n.
2
Suppose m - 2*o - 2 = 0, -4*o + 9 = -7. Let g = 19 - m. List the prime factors of g.
3
Let v = 11 - 12. Let j(q) = q**2 - q + 2*q**2 + 2*q**2. What are the prime factors of j(v)?
2, 3
Suppose 0 = -5*q + 17 + 8. Suppose -m + 0*m - 2*k = -8, q*m + 5*k - 25 = 0. What are the prime factors of m?
2
Let j(s) = s**3 - s**2 + 2*s + 45. What are the prime factors of j(0)?
3, 5
Let k(b) = b**2 - 3*b - 2. List the prime factors of k(8).
2, 19
Let u = 8 + 12. What are the prime factors of u?
2, 5
Let x be (-6)/5*(-280)/12. Let j = -17 + x. What are the prime factors of j?
11
Let q(x) = -x**2 - 9*x. Let p be q(-9). Suppose -12 = -p*b - b. List the prime factors of b.
2, 3
Let t be (-3 - 1)*-1 + -32. What are the prime factors of (6/4)/((-2)/t)?
3, 7
Let c = -6 + 5. Let i be (c + 1 - 0) + 3. Suppose 17 = i*b + l, 0 = -0*b + b + 4*l - 2. List the prime factors of b.
2, 3
Let y(g) = 10*g**2 - 10*g + 23. List the prime factors of y(4).
11, 13
Let x = -43 - -50. List the prime factors of x.
7
Suppose 4*d - 31 = 3*r, -6*d + 3*r + 27 = -3*d. Suppose -36 = d*b - b. What are the prime factors of -2 + (b + -1)/(-1)?
11
Let t = 23 - 3. Let g = 3 - 15. Let v = t + g. List the prime factors of v.
2
Let k = 9 - -3. Suppose -u = -3*u. Suppose u*c - 2*c = -k. List the prime factors of c.
2, 3
Suppose 4*l = -n + l + 6, -6 = -n - l. Suppose -2*s + 3*v - 5*v = 6, 0 = 2*v + n. Suppose s*d - 3*d + 15 = 0. List the prime factors of d.
5
Let l be (1 - -1 - 0) + 1. Suppose 4 - 8 = -q - m, -q = -m + 4. Suppose q*g - 2*g = 5*p + 19, -l*p - 15 = 0. List the prime factors of g.
3
What are the prime factors of 159/2*(-8)/(-12)?
53
Suppose 0*s - 13 = s. Let h = s - -24. What are the prime factors of h?
11
Suppose 4*n - 8 + 0 = 0. Suppose 0 = d - n*d. List the prime factors of 7 + d/((-3)/1).
7
Let f(v) = v**2 + 11*v + 2. Let c be f(-11). List the prime factors of (c + (-21)/(-6))*2.
11
Suppose -16 = -3*r + 2*r. What are the prime factors of ((-1)/2)/((-2)/r)?
2
Let u = -12 + 29. Suppose s - 2*s - 4*m + u = 0, 2*s + 2*m = 4. Let a = 10 + s. List the prime factors of a.
7
Suppose 0*g - g + 7 = -i, -5*i = -2*g + 20. Suppose 0 = -g*r + 73 + 82. What are the prime factors of r?
31
Let m(x) = 9*x + 11. Let v(j) = 3*j + 4. Let z(o) = 3*m(o) - 8*v(o). Let f be z(3). Suppose -2*c + 3 + 1 = -b, 0 = -2*c + f. What are the prime factors of b?
2, 3
Suppose -5*x + 0*x + 190 = 0. What are the prime factors of x?
2, 19
Let f = -17 - -38. List the prime factors of f.
3, 7
Let z = -5 - -10. Suppose 3*r + 88 = z*v, -v - 2*r = -r - 16. What are the prime factors of v?
17
Suppose 0 = 5*v - 10 - 0. Let a be (v/4)/(2/40). Suppose -2*j - 4*i = -18, 3*i - 4*i + a = j. List the prime factors of j.
11
Suppose -8*i = -2*i - 108. List the prime factors of i.
2, 3
Let n(m) = -m - 4. Let z be n(-4). Suppose l - 4*l + 9 = z. List the prime factors of l.
3
Let r(i) = 3*i**2 - 7. List the prime factors of r(10).
293
Let y = 26 - -28. List the prime factors of y.
2, 3
Let l = -73 + 127. What are the prime factors of l?
2, 3
Let a be 30/9 + (-3)/9. Suppose 78 = -o + a*o. Suppose 4*c + 15 = o. List the prime factors of c.
2, 3
Suppose -s = -2*s + 2. Let n(o) = -o - 1. Let l(m) = 5. Let a(v) = -l(v) - 3*n(v). What are the prime factors of a(s)?
2
Suppose 4*n = -5*o + 540, -4*n - 2*o + 142 = -410. What are the prime factors of n?
2, 5, 7
Suppose -2*b + 0*b - 34 = 0. List the prime factors of b/(-2) + 3/(-6).
2
Let t(g) = -g**2 - 10*g + 2. List the prime factors of t(-7).
23
Let k(m) = -m**3 - m**2 + m - 8. Let u be k(0). Let s(c) be the third derivative of -c**5/60 - 5*c**4/12 + c**3/2 + 6*c**2. List the prime factors of s(u).
19
Suppose 3*p - 1 = 11, -2*n + 26 = 4*p. Let l(t) = -2*t**3 - n*t**2 + 5*t + 2 + 3*t**3 + 0. What are the prime factors of l(4)?
2, 3
Let d = 8 - 4. Suppose 26 = w - 0*w - 3*u, -93 = -d*w + u. List the prime factors of w.
23
Let q(h) = -2*h - 9. Let n = 4 - 12. List the prime factors of q(n).
7
Let p(z) = -2 - 7 - 3 - 8*z - 3. List the prime factors of p(-7).
41
Let s(j) = 2*j + 32. List the prime factors of s(-15).
2
Let s(j) be the third derivative of j**5/60 - 7*j**4/24 + 5*j**3/6 + 3*j**2. What are the prime factors of s(7)?
5
Let y(i) = -i**2 + 8*i. Let x be y(9). List the prime factors of 2/(-6) + (-219)/x.
2, 3
Let q be 8/(-2) + -2 + 1. Let b = 11 + q. What are the prime factors of b?
2, 3
List the prime factors of -1*3/(-2)*(-178)/(-3).
89
Suppose 0 = -4*u + 3*m - 1 + 2, -4*u + 2*m + 6 = 0. Let x = 9 - u. List the prime factors of x.
5
Suppose -7*v + 3*v - 56 = 0. Let c be ((-4)/(-7))/(v/(-49)). Suppose 0*n - n + 5*p + 24 = 0, c*p + 15 = n. List the prime factors of n.
3
Suppose -3*s - 16*h + 13*h = -885, -3*h - 3 = 0. What are the prime factors of s?
2, 37
Let k(u) = -u**3 - 14*u**2 + 13*u + 6. What are the prime factors of k(-15)?
2, 3
Suppose 2*b + 12 = 6*b. Suppose -2*c + 24 = b*m - 2*m, -3*c + 49 = -5*m. What are the prime factors of c?
13
Let z = -3 - -7. List the prime factors of z.
2
Let r(v) = -16*v**2 - 21*v + 1. Let k(z) = -4*z**2 - 5*z. Let t(g) = -9*k(g) + 2*r(g). What are the prime factors of t(-1)?
3
Suppose 692 = 3*c - 4*h, 0*h + 1138 = 5*c + h. What are the prime factors of c/21 - 2/(-14)?
11
Let z(l) = 127*l**2 + 10*l - 9. List the prime factors of z(1).
2
What are the prime factors of (-8)/20 - (9672/(-10))/3?
2, 7, 23
Let l(k) = 3*k**2 + 21*k + 7. What are the prime factors of l(-11)?
139
What are the prime factors of 26*7 + 20/5?
2, 3, 31
Let x be (1 + 1)/((-2)/(-4)). Suppose -3*r + 1 = -0*n + n, -r = x*n - 26. Suppose -n - 5 = -4*b. What are the prime factors of b?
3
Let r = 242 + -80. Suppose 4*w + r = 3*w. List the prime factors of w/(-30) - 4/10.
5
Let q(b) = 3*b - 4. List the prime factors of q(5).
11
Let n = -79 - -91. What are the prime factors of n?
2, 3
Let u be 0 - (2 - -1) - -5. Suppose j - 13